{"id":163,"date":"2024-12-27T16:04:49","date_gmt":"2024-12-27T16:04:49","guid":{"rendered":"https:\/\/muzykawzamkuniebios.pl\/?page_id=163"},"modified":"2025-08-18T11:35:24","modified_gmt":"2025-08-18T11:35:24","slug":"2024-2","status":"publish","type":"page","link":"https:\/\/muzykawzamkuniebios.pl\/?page_id=163","title":{"rendered":"2024"},"content":{"rendered":"\n<p>W roku 2024 <strong>Muzyka w Zamku Niebios<\/strong> zadebiutowa\u0142a jako cykl trzech jesiennych koncert\u00f3w w doborowej obsadzie:<\/p>\n\n\n\n<hr class=\"wp-block-separator has-alpha-channel-opacity\"\/>\n\n\n\n<div class=\"wp-block-media-text is-stacked-on-mobile\" style=\"grid-template-columns:20% auto\"><figure class=\"wp-block-media-text__media\"><a href=\"https:\/\/muzykawzamkuniebios.pl\/?page_id=165\"><img loading=\"lazy\" decoding=\"async\" width=\"724\" height=\"1024\" src=\"https:\/\/muzykawzamkuniebios.pl\/wp-content\/uploads\/2024\/12\/mzn-20240921_poster-724x1024.jpg\" alt=\"\" class=\"wp-image-272 size-full\" srcset=\"https:\/\/muzykawzamkuniebios.pl\/wp-content\/uploads\/2024\/12\/mzn-20240921_poster-724x1024.jpg 724w, https:\/\/muzykawzamkuniebios.pl\/wp-content\/uploads\/2024\/12\/mzn-20240921_poster-212x300.jpg 212w, https:\/\/muzykawzamkuniebios.pl\/wp-content\/uploads\/2024\/12\/mzn-20240921_poster-768x1086.jpg 768w, https:\/\/muzykawzamkuniebios.pl\/wp-content\/uploads\/2024\/12\/mzn-20240921_poster-1086x1536.jpg 1086w, https:\/\/muzykawzamkuniebios.pl\/wp-content\/uploads\/2024\/12\/mzn-20240921_poster.jpg 1200w\" sizes=\"auto, (max-width: 724px) 100vw, 724px\" \/><\/a><\/figure><div class=\"wp-block-media-text__content\">\n<p>21 wrze\u015bnia 2024, g. 14:00<br><strong>Tubicinatores Gedanenses \u2014 koncert plenerowy<\/strong>:<br><strong>Muzyka barokowa na tr\u0105by i b\u0119bny<\/strong><br>taras M\u0142yn\u00f3w Rothera<br><br><a href=\"https:\/\/muzykawzamkuniebios.pl\/?page_id=165\" data-type=\"page\" data-id=\"165\">wi\u0119cej<\/a><\/p>\n<\/div><\/div>\n\n\n\n<hr class=\"wp-block-separator has-alpha-channel-opacity\"\/>\n\n\n\n<div class=\"wp-block-media-text is-stacked-on-mobile\" style=\"grid-template-columns:20% auto\"><figure class=\"wp-block-media-text__media\"><a href=\"https:\/\/muzykawzamkuniebios.pl\/?page_id=167\"><img loading=\"lazy\" decoding=\"async\" width=\"724\" height=\"1024\" src=\"https:\/\/muzykawzamkuniebios.pl\/wp-content\/uploads\/2024\/12\/mzn-20240929_poster-724x1024.jpg\" alt=\"\" class=\"wp-image-273 size-full\" srcset=\"https:\/\/muzykawzamkuniebios.pl\/wp-content\/uploads\/2024\/12\/mzn-20240929_poster-724x1024.jpg 724w, https:\/\/muzykawzamkuniebios.pl\/wp-content\/uploads\/2024\/12\/mzn-20240929_poster-212x300.jpg 212w, https:\/\/muzykawzamkuniebios.pl\/wp-content\/uploads\/2024\/12\/mzn-20240929_poster-768x1086.jpg 768w, https:\/\/muzykawzamkuniebios.pl\/wp-content\/uploads\/2024\/12\/mzn-20240929_poster-1086x1536.jpg 1086w, https:\/\/muzykawzamkuniebios.pl\/wp-content\/uploads\/2024\/12\/mzn-20240929_poster.jpg 1200w\" sizes=\"auto, (max-width: 724px) 100vw, 724px\" \/><\/a><\/figure><div class=\"wp-block-media-text__content\">\n<p>29 wrze\u015bnia 2024, g. 19:00<br><strong>Michaelmas: barokowe kantaty<br>na uroczysto\u015b\u0107 \u015bw. Micha\u0142a Archanio\u0142a<\/strong><br>dziedziniec M\u0142yn\u00f3w Rothera<br><br><a href=\"https:\/\/muzykawzamkuniebios.pl\/?page_id=167\" data-type=\"page\" data-id=\"167\">wi\u0119cej<\/a><\/p>\n<\/div><\/div>\n\n\n\n<hr class=\"wp-block-separator has-alpha-channel-opacity\"\/>\n\n\n\n<div class=\"wp-block-media-text is-stacked-on-mobile\" style=\"grid-template-columns:20% auto\"><figure class=\"wp-block-media-text__media\"><a href=\"https:\/\/muzykawzamkuniebios.pl\/?page_id=165#tubinovember\"><img loading=\"lazy\" decoding=\"async\" width=\"724\" height=\"1024\" src=\"https:\/\/muzykawzamkuniebios.pl\/wp-content\/uploads\/2024\/12\/mzn-20241102_poster-724x1024.jpg\" alt=\"\" class=\"wp-image-274 size-full\" srcset=\"https:\/\/muzykawzamkuniebios.pl\/wp-content\/uploads\/2024\/12\/mzn-20241102_poster-724x1024.jpg 724w, https:\/\/muzykawzamkuniebios.pl\/wp-content\/uploads\/2024\/12\/mzn-20241102_poster-212x300.jpg 212w, https:\/\/muzykawzamkuniebios.pl\/wp-content\/uploads\/2024\/12\/mzn-20241102_poster-768x1086.jpg 768w, https:\/\/muzykawzamkuniebios.pl\/wp-content\/uploads\/2024\/12\/mzn-20241102_poster-1086x1536.jpg 1086w, https:\/\/muzykawzamkuniebios.pl\/wp-content\/uploads\/2024\/12\/mzn-20241102_poster.jpg 1200w\" sizes=\"auto, (max-width: 724px) 100vw, 724px\" \/><\/a><\/figure><div class=\"wp-block-media-text__content\">\n<p>2 listopada 2024, g. 19:00<br><strong>Tubicinatores et Arcus Adiuncti:<br>Barokowe dworskie sonaty ceremonialne<\/strong><br>dziedziniec M\u0142yn\u00f3w Rothera<br><br><a href=\"https:\/\/muzykawzamkuniebios.pl\/?page_id=165#tubinovember\" data-type=\"link\" data-id=\"https:\/\/muzykawzamkuniebios.pl\/?page_id=165#tubinovember\">wi\u0119cej<\/a><\/p>\n<\/div><\/div>\n\n\n\n<hr class=\"wp-block-separator has-alpha-channel-opacity\"\/>\n","protected":false},"excerpt":{"rendered":"<p>W roku 2024 Muzyka w Zamku Niebios zadebiutowa\u0142a jako cykl trzech jesiennych koncert\u00f3w w doborowej obsadzie: 21 wrze\u015bnia 2024, g. 14:00Tubicinatores Gedanenses \u2014 koncert plenerowy:Muzyka barokowa na tr\u0105by i b\u0119bnytaras M\u0142yn\u00f3w Rothera wi\u0119cej 29 wrze\u015bnia 2024, g. 19:00Michaelmas: barokowe kantatyna uroczysto\u015b\u0107 \u015bw. Micha\u0142a Archanio\u0142adziedziniec M\u0142yn\u00f3w Rothera wi\u0119cej 2 listopada 2024, g. 19:00Tubicinatores et Arcus Adiuncti:Barokowe [&hellip;]<\/p>\n","protected":false},"author":1,"featured_media":0,"parent":0,"menu_order":0,"comment_status":"closed","ping_status":"closed","template":"","meta":{"_vp_format_video_url":"","_vp_image_focal_point":[],"footnotes":""},"class_list":["post-163","page","type-page","status-publish","czr-hentry"],"_links":{"self":[{"href":"https:\/\/muzykawzamkuniebios.pl\/index.php?rest_route=\/wp\/v2\/pages\/163","targetHints":{"allow":["GET"]}}],"collection":[{"href":"https:\/\/muzykawzamkuniebios.pl\/index.php?rest_route=\/wp\/v2\/pages"}],"about":[{"href":"https:\/\/muzykawzamkuniebios.pl\/index.php?rest_route=\/wp\/v2\/types\/page"}],"author":[{"embeddable":true,"href":"https:\/\/muzykawzamkuniebios.pl\/index.php?rest_route=\/wp\/v2\/users\/1"}],"replies":[{"embeddable":true,"href":"https:\/\/muzykawzamkuniebios.pl\/index.php?rest_route=%2Fwp%2Fv2%2Fcomments&post=163"}],"version-history":[{"count":22,"href":"https:\/\/muzykawzamkuniebios.pl\/index.php?rest_route=\/wp\/v2\/pages\/163\/revisions"}],"predecessor-version":[{"id":600,"href":"https:\/\/muzykawzamkuniebios.pl\/index.php?rest_route=\/wp\/v2\/pages\/163\/revisions\/600"}],"wp:attachment":[{"href":"https:\/\/muzykawzamkuniebios.pl\/index.php?rest_route=%2Fwp%2Fv2%2Fmedia&parent=163"}],"curies":[{"name":"wp","href":"https:\/\/api.w.org\/{rel}","templated":true}]}}

<p>W roku 2024 <strong>Muzyka w Zamku Niebios</strong> zadebiutowała jako cykl trzech jesiennych koncertów w doborowej obsadzie:</p>



<hr class="wp-block-separator has-alpha-channel-opacity"/>



<div class="wp-block-media-text is-stacked-on-mobile" style="grid-template-columns:20% auto"><figure class="wp-block-media-text__media"><a href="https://muzykawzamkuniebios.pl/?page_id=165"><img loading="lazy" decoding="async" width="724" height="1024" src="https://muzykawzamkuniebios.pl/wp-content/uploads/2024/12/mzn-20240921_poster-724x1024.jpg" alt="" class="wp-image-272 size-full" srcset="https://muzykawzamkuniebios.pl/wp-content/uploads/2024/12/mzn-20240921_poster-724x1024.jpg 724w, https://muzykawzamkuniebios.pl/wp-content/uploads/2024/12/mzn-20240921_poster-212x300.jpg 212w, https://muzykawzamkuniebios.pl/wp-content/uploads/2024/12/mzn-20240921_poster-768x1086.jpg 768w, https://muzykawzamkuniebios.pl/wp-content/uploads/2024/12/mzn-20240921_poster-1086x1536.jpg 1086w, https://muzykawzamkuniebios.pl/wp-content/uploads/2024/12/mzn-20240921_poster.jpg 1200w" sizes="auto, (max-width: 724px) 100vw, 724px" /></a></figure><div class="wp-block-media-text__content">
<p>21 września 2024, g. 14:00<br><strong>Tubicinatores Gedanenses — koncert plenerowy</strong>:<br><strong>Muzyka barokowa na trąby i bębny</strong><br>taras Młynów Rothera<br><br><a href="https://muzykawzamkuniebios.pl/?page_id=165" data-type="page" data-id="165">więcej</a></p>
</div></div>



<hr class="wp-block-separator has-alpha-channel-opacity"/>



<div class="wp-block-media-text is-stacked-on-mobile" style="grid-template-columns:20% auto"><figure class="wp-block-media-text__media"><a href="https://muzykawzamkuniebios.pl/?page_id=167"><img loading="lazy" decoding="async" width="724" height="1024" src="https://muzykawzamkuniebios.pl/wp-content/uploads/2024/12/mzn-20240929_poster-724x1024.jpg" alt="" class="wp-image-273 size-full" srcset="https://muzykawzamkuniebios.pl/wp-content/uploads/2024/12/mzn-20240929_poster-724x1024.jpg 724w, https://muzykawzamkuniebios.pl/wp-content/uploads/2024/12/mzn-20240929_poster-212x300.jpg 212w, https://muzykawzamkuniebios.pl/wp-content/uploads/2024/12/mzn-20240929_poster-768x1086.jpg 768w, https://muzykawzamkuniebios.pl/wp-content/uploads/2024/12/mzn-20240929_poster-1086x1536.jpg 1086w, https://muzykawzamkuniebios.pl/wp-content/uploads/2024/12/mzn-20240929_poster.jpg 1200w" sizes="auto, (max-width: 724px) 100vw, 724px" /></a></figure><div class="wp-block-media-text__content">
<p>29 września 2024, g. 19:00<br><strong>Michaelmas: barokowe kantaty<br>na uroczystość św. Michała Archanioła</strong><br>dziedziniec Młynów Rothera<br><br><a href="https://muzykawzamkuniebios.pl/?page_id=167" data-type="page" data-id="167">więcej</a></p>
</div></div>



<hr class="wp-block-separator has-alpha-channel-opacity"/>



<div class="wp-block-media-text is-stacked-on-mobile" style="grid-template-columns:20% auto"><figure class="wp-block-media-text__media"><a href="https://muzykawzamkuniebios.pl/?page_id=165#tubinovember"><img loading="lazy" decoding="async" width="724" height="1024" src="https://muzykawzamkuniebios.pl/wp-content/uploads/2024/12/mzn-20241102_poster-724x1024.jpg" alt="" class="wp-image-274 size-full" srcset="https://muzykawzamkuniebios.pl/wp-content/uploads/2024/12/mzn-20241102_poster-724x1024.jpg 724w, https://muzykawzamkuniebios.pl/wp-content/uploads/2024/12/mzn-20241102_poster-212x300.jpg 212w, https://muzykawzamkuniebios.pl/wp-content/uploads/2024/12/mzn-20241102_poster-768x1086.jpg 768w, https://muzykawzamkuniebios.pl/wp-content/uploads/2024/12/mzn-20241102_poster-1086x1536.jpg 1086w, https://muzykawzamkuniebios.pl/wp-content/uploads/2024/12/mzn-20241102_poster.jpg 1200w" sizes="auto, (max-width: 724px) 100vw, 724px" /></a></figure><div class="wp-block-media-text__content">
<p>2 listopada 2024, g. 19:00<br><strong>Tubicinatores et Arcus Adiuncti:<br>Barokowe dworskie sonaty ceremonialne</strong><br>dziedziniec Młynów Rothera<br><br><a href="https://muzykawzamkuniebios.pl/?page_id=165#tubinovember" data-type="link" data-id="https://muzykawzamkuniebios.pl/?page_id=165#tubinovember">więcej</a></p>
</div></div>



<hr class="wp-block-separator has-alpha-channel-opacity"/>

<p>W roku 2024 Muzyka w Zamku Niebios zadebiutowała jako cykl trzech jesiennych koncertów w doborowej obsadzie: 21 września 2024, g. 14:00Tubicinatores Gedanenses — koncert plenerowy:Muzyka barokowa na trąby i bębnytaras Młynów Rothera więcej 29 września 2024, g. 19:00Michaelmas: barokowe kantatyna uroczystość św. Michała Archanioładziedziniec Młynów Rothera więcej 2 listopada 2024, g. 19:00Tubicinatores et Arcus Adiuncti:Barokowe [&hellip;]</p>
