{"id":423,"date":"2024-12-30T11:32:29","date_gmt":"2024-12-30T11:32:29","guid":{"rendered":"https:\/\/muzykawzamkuniebios.pl\/?page_id=423"},"modified":"2024-12-31T09:17:27","modified_gmt":"2024-12-31T09:17:27","slug":"o-projekcie-2","status":"publish","type":"page","link":"https:\/\/muzykawzamkuniebios.pl\/?page_id=423","title":{"rendered":"O projekcie"},"content":{"rendered":"\n<p>M\u0142yny Rothera w Bydgoszczy oraz Fundacja Kino Pomorzanin organizuj\u0105 cykl koncertowy<strong> Muzyka w Zamku Niebos<\/strong>. Inspiracj\u0105 dla tego wydarzenia jest historyczna kaplica zamku w Weimarze, dla kt\u00f3rej Jan Sebastian Bach komponowa\u0142 swoje najbardziej uroczyste kantaty. Muzyka grana z kilku poziom\u00f3w balkon\u00f3w sprawia\u0142a, \u017ce wierni czuli, jak gdyby sp\u0142ywa\u0142a na nich z nieba. St\u0105d w\u0142a\u015bnie jej okre\u015blenie <em>Himmelsburg<\/em> &#8211; Zamek Niebios. <\/p>\n\n\n\n<p>W Bydgoszczy te\u017c mamy sw\u00f3j Zamek Niebios: pi\u0119kny dziedziniec Centrum Nauki i Kultury M\u0142yny Rothera. Podobnie jak w barokowej kaplicy, gdzie muzyka zdawa\u0142a si\u0119 sp\u0142ywa\u0107 na wiernych z empor, tak i w holu g\u0142\u00f3wnym M\u0142yn\u00f3w, otoczonym balkonami i zwie\u0144czonym szklanym dachem, poczujemy d\u017awi\u0119ki nios\u0105ce si\u0119 niczym prosto z nieba.<\/p>\n\n\n\n<div style=\"height:23px\" aria-hidden=\"true\" class=\"wp-block-spacer\"><\/div>\n\n\n\n<figure class=\"wp-block-image size-large\"><img loading=\"lazy\" decoding=\"async\" width=\"1024\" height=\"683\" src=\"https:\/\/muzykawzamkuniebios.pl\/wp-content\/uploads\/2024\/12\/2024-11-02_38-1024x683.jpg\" alt=\"\" class=\"wp-image-447\" srcset=\"https:\/\/muzykawzamkuniebios.pl\/wp-content\/uploads\/2024\/12\/2024-11-02_38-1024x683.jpg 1024w, https:\/\/muzykawzamkuniebios.pl\/wp-content\/uploads\/2024\/12\/2024-11-02_38-300x200.jpg 300w, https:\/\/muzykawzamkuniebios.pl\/wp-content\/uploads\/2024\/12\/2024-11-02_38-768x512.jpg 768w, https:\/\/muzykawzamkuniebios.pl\/wp-content\/uploads\/2024\/12\/2024-11-02_38-1536x1024.jpg 1536w, https:\/\/muzykawzamkuniebios.pl\/wp-content\/uploads\/2024\/12\/2024-11-02_38-500x333.jpg 500w, https:\/\/muzykawzamkuniebios.pl\/wp-content\/uploads\/2024\/12\/2024-11-02_38-800x533.jpg 800w, https:\/\/muzykawzamkuniebios.pl\/wp-content\/uploads\/2024\/12\/2024-11-02_38-1280x853.jpg 1280w, https:\/\/muzykawzamkuniebios.pl\/wp-content\/uploads\/2024\/12\/2024-11-02_38-1920x1280.jpg 1920w, https:\/\/muzykawzamkuniebios.pl\/wp-content\/uploads\/2024\/12\/2024-11-02_38.jpg 2048w\" sizes=\"auto, (max-width: 1024px) 100vw, 1024px\" \/><\/figure>\n\n\n\n<div style=\"height:32px\" aria-hidden=\"true\" class=\"wp-block-spacer\"><\/div>\n\n\n\n<p>Projekt <strong>Muzyka w Zamku Niebios<\/strong> to synteza sztuk: dawnej muzyki sakralnej i wsp\u00f3\u0142czesnej architektury industrialnej. Bydgoszcz jest Miastem Muzyki UNESCO. W\u015br\u00f3d wa\u017cnych obszar\u00f3w, dzi\u0119ki kt\u00f3rym wpisano Bydgoszcz do sieci miast kreatywnych wymieniono &#8222;Kultur\u0119 w fabrykach&#8221;. <a href=\"https:\/\/muzykawzamkuniebios.pl\/?page_id=73\" data-type=\"page\" data-id=\"73\">Dziedzictwo poprzemys\u0142owe<\/a> da\u0142o cenny przyczynek do budowy nowej infrastruktury \u2014 tym razem infrastruktury kulturalnej. Upad\u0142e m\u0142yny (niegdy\u015b sta\u0142y element krajobrazu miasta) zyska\u0142y drugie \u017cycie; \u017cycie obiektu \u0142\u0105cz\u0105cego tradycje przemys\u0142owe Bydgoszczy z tradycjami muzycznymi miasta.<\/p>\n\n\n\n<p>W programach koncertowych cyklu znajdziemy wielkie formy na du\u017ce sk\u0142ady wokalno-instrumentalne, ale te\u017c koncerty bardziej intymne skupiaj\u0105ce si\u0119 przede wszystkim na poszukiwaniu nowatorskich rozwi\u0105za\u0144. W pierwszym roku 2024 <a href=\"https:\/\/muzykawzamkuniebios.pl\/?page_id=163\" data-type=\"page\" data-id=\"163\">zaplanowano trzy koncerty<\/a>. Najwa\u017cniejszy z nich, <a href=\"https:\/\/muzykawzamkuniebios.pl\/?page_id=167\" data-type=\"page\" data-id=\"167\">29 wrze\u015bnia, to Michaelmas<\/a>, podczas kt\u00f3rego us\u0142yszymy cztery kantaty napisane na uroczysto\u015b\u0107 \u015bw. Micha\u0142a Archanio\u0142a przez niemieckich mistrz\u00f3w baroku: Heinricha Sch\u00fctza, Johanna Christopha Bacha, Johanna Sebastiana Bacha, a tak\u017ce kompozycj\u0119 tw\u00f3rcy mniej znanego, ale r\u00f3wnie znakomitego \u2014 wroc\u0142awianina Tobiasa Zeutschnera. Kantata ta zostanie wykonana po raz pierwszy od 363 lat.<\/p>\n\n\n\n<p>W nieoczywistej przestrzeni M\u0142yn\u00f3w wyst\u0105pi zesp\u00f3\u0142 <a href=\"https:\/\/muzykawzamkuniebios.pl\/?page_id=167\" data-type=\"page\" data-id=\"167\">La Tempesta pod kierunkiem Jakuba Burzy\u0144skiego<\/a>. Prawie 40 wykonawc\u00f3w, kt\u00f3rych zdolno\u015bci b\u0119dziemy mogli podziwia\u0107, w tym mi\u0119dzynarodowe gwiazdy muzyki dawnej takie jak Gustavo Gargiulo, mistrz cynku z Argentyny, Richard \u0160eda, mistrz cynku z Czech i Karel Beranek, wybitny czeski tr\u0119bacz, zaprezentuj\u0105 utwory z wyj\u0105tkowo bogatym instrumentarium, w tym tr\u0105bki, puzony, kot\u0142y, cynki, oboje, dulcjany, fagoty i smyczki. Koncert zako\u0144czy monumentalny ch\u00f3r &#8222;Nun ist das Heil&#8221; Jana Sebastiana Bacha.<\/p>\n\n\n\n<hr class=\"wp-block-separator has-alpha-channel-opacity\"\/>\n\n\n\n<p class=\"has-large-font-size\"><strong>MEDIA O WYDARZENIACH MUZYKI W ZAMKU NIEBIOS<\/strong><\/p>\n\n\n\n<p><a href=\"https:\/\/www.radiopik.pl\/48,4848,muzyka-w-zamku-niebios-mlyny-rothera-tamka-10-bydgoszcz-29092024rzakonczony\" target=\"_blank\" rel=\"noreferrer noopener\">Polskie Radio PiK, 25.09.2024<\/a><\/p>\n\n\n\n<p><a href=\"https:\/\/szwarcman.blog.polityka.pl\/2024\/09\/29\/b-jak-bydgoszcz\/\" target=\"_blank\" rel=\"noreferrer noopener\">Polityka \u2014 Blog muzyczny Doroty Szwarcman, 29 wrze\u015bnia 2024<\/a><\/p>\n\n\n\n<p><a href=\"https:\/\/bydgoszcz.tvp.pl\/83273035\/muzyka-dawna-w-mlynach-rothera\" target=\"_blank\" rel=\"noreferrer noopener\">TVP3 Bydgoszcz, 2.11.2024<\/a><\/p>\n\n\n\n<figure class=\"wp-block-video\"><video height=\"1080\" style=\"aspect-ratio: 1920 \/ 1080;\" width=\"1920\" controls src=\"https:\/\/muzykawzamkuniebios.pl\/wp-content\/uploads\/2024\/12\/TVP_2024-11-02.mp4\"><\/video><\/figure>\n","protected":false},"excerpt":{"rendered":"<p>M\u0142yny Rothera w Bydgoszczy oraz Fundacja Kino Pomorzanin organizuj\u0105 cykl koncertowy Muzyka w Zamku Niebos. Inspiracj\u0105 dla tego wydarzenia jest historyczna kaplica zamku w Weimarze, dla kt\u00f3rej Jan Sebastian Bach komponowa\u0142 swoje najbardziej uroczyste kantaty. Muzyka grana z kilku poziom\u00f3w balkon\u00f3w sprawia\u0142a, \u017ce wierni czuli, jak gdyby sp\u0142ywa\u0142a na nich z nieba. St\u0105d w\u0142a\u015bnie jej [&hellip;]<\/p>\n","protected":false},"author":1,"featured_media":0,"parent":0,"menu_order":0,"comment_status":"closed","ping_status":"closed","template":"","meta":{"_vp_format_video_url":"","_vp_image_focal_point":[],"footnotes":""},"class_list":["post-423","page","type-page","status-publish","czr-hentry"],"_links":{"self":[{"href":"https:\/\/muzykawzamkuniebios.pl\/index.php?rest_route=\/wp\/v2\/pages\/423","targetHints":{"allow":["GET"]}}],"collection":[{"href":"https:\/\/muzykawzamkuniebios.pl\/index.php?rest_route=\/wp\/v2\/pages"}],"about":[{"href":"https:\/\/muzykawzamkuniebios.pl\/index.php?rest_route=\/wp\/v2\/types\/page"}],"author":[{"embeddable":true,"href":"https:\/\/muzykawzamkuniebios.pl\/index.php?rest_route=\/wp\/v2\/users\/1"}],"replies":[{"embeddable":true,"href":"https:\/\/muzykawzamkuniebios.pl\/index.php?rest_route=%2Fwp%2Fv2%2Fcomments&post=423"}],"version-history":[{"count":12,"href":"https:\/\/muzykawzamkuniebios.pl\/index.php?rest_route=\/wp\/v2\/pages\/423\/revisions"}],"predecessor-version":[{"id":596,"href":"https:\/\/muzykawzamkuniebios.pl\/index.php?rest_route=\/wp\/v2\/pages\/423\/revisions\/596"}],"wp:attachment":[{"href":"https:\/\/muzykawzamkuniebios.pl\/index.php?rest_route=%2Fwp%2Fv2%2Fmedia&parent=423"}],"curies":[{"name":"wp","href":"https:\/\/api.w.org\/{rel}","templated":true}]}}

<p>Młyny Rothera w Bydgoszczy oraz Fundacja Kino Pomorzanin organizują cykl koncertowy<strong> Muzyka w Zamku Niebos</strong>. Inspiracją dla tego wydarzenia jest historyczna kaplica zamku w Weimarze, dla której Jan Sebastian Bach komponował swoje najbardziej uroczyste kantaty. Muzyka grana z kilku poziomów balkonów sprawiała, że wierni czuli, jak gdyby spływała na nich z nieba. Stąd właśnie jej określenie <em>Himmelsburg</em> &#8211; Zamek Niebios. </p>



<p>W Bydgoszczy też mamy swój Zamek Niebios: piękny dziedziniec Centrum Nauki i Kultury Młyny Rothera. Podobnie jak w barokowej kaplicy, gdzie muzyka zdawała się spływać na wiernych z empor, tak i w holu głównym Młynów, otoczonym balkonami i zwieńczonym szklanym dachem, poczujemy dźwięki niosące się niczym prosto z nieba.</p>



<div style="height:23px" aria-hidden="true" class="wp-block-spacer"></div>



<figure class="wp-block-image size-large"><img loading="lazy" decoding="async" width="1024" height="683" src="https://muzykawzamkuniebios.pl/wp-content/uploads/2024/12/2024-11-02_38-1024x683.jpg" alt="" class="wp-image-447" srcset="https://muzykawzamkuniebios.pl/wp-content/uploads/2024/12/2024-11-02_38-1024x683.jpg 1024w, https://muzykawzamkuniebios.pl/wp-content/uploads/2024/12/2024-11-02_38-300x200.jpg 300w, https://muzykawzamkuniebios.pl/wp-content/uploads/2024/12/2024-11-02_38-768x512.jpg 768w, https://muzykawzamkuniebios.pl/wp-content/uploads/2024/12/2024-11-02_38-1536x1024.jpg 1536w, https://muzykawzamkuniebios.pl/wp-content/uploads/2024/12/2024-11-02_38-500x333.jpg 500w, https://muzykawzamkuniebios.pl/wp-content/uploads/2024/12/2024-11-02_38-800x533.jpg 800w, https://muzykawzamkuniebios.pl/wp-content/uploads/2024/12/2024-11-02_38-1280x853.jpg 1280w, https://muzykawzamkuniebios.pl/wp-content/uploads/2024/12/2024-11-02_38-1920x1280.jpg 1920w, https://muzykawzamkuniebios.pl/wp-content/uploads/2024/12/2024-11-02_38.jpg 2048w" sizes="auto, (max-width: 1024px) 100vw, 1024px" /></figure>



<div style="height:32px" aria-hidden="true" class="wp-block-spacer"></div>



<p>Projekt <strong>Muzyka w Zamku Niebios</strong> to synteza sztuk: dawnej muzyki sakralnej i współczesnej architektury industrialnej. Bydgoszcz jest Miastem Muzyki UNESCO. Wśród ważnych obszarów, dzięki którym wpisano Bydgoszcz do sieci miast kreatywnych wymieniono &#8222;Kulturę w fabrykach&#8221;. <a href="https://muzykawzamkuniebios.pl/?page_id=73" data-type="page" data-id="73">Dziedzictwo poprzemysłowe</a> dało cenny przyczynek do budowy nowej infrastruktury — tym razem infrastruktury kulturalnej. Upadłe młyny (niegdyś stały element krajobrazu miasta) zyskały drugie życie; życie obiektu łączącego tradycje przemysłowe Bydgoszczy z tradycjami muzycznymi miasta.</p>



<p>W programach koncertowych cyklu znajdziemy wielkie formy na duże składy wokalno-instrumentalne, ale też koncerty bardziej intymne skupiające się przede wszystkim na poszukiwaniu nowatorskich rozwiązań. W pierwszym roku 2024 <a href="https://muzykawzamkuniebios.pl/?page_id=163" data-type="page" data-id="163">zaplanowano trzy koncerty</a>. Najważniejszy z nich, <a href="https://muzykawzamkuniebios.pl/?page_id=167" data-type="page" data-id="167">29 września, to Michaelmas</a>, podczas którego usłyszymy cztery kantaty napisane na uroczystość św. Michała Archanioła przez niemieckich mistrzów baroku: Heinricha Schütza, Johanna Christopha Bacha, Johanna Sebastiana Bacha, a także kompozycję twórcy mniej znanego, ale równie znakomitego — wrocławianina Tobiasa Zeutschnera. Kantata ta zostanie wykonana po raz pierwszy od 363 lat.</p>



<p>W nieoczywistej przestrzeni Młynów wystąpi zespół <a href="https://muzykawzamkuniebios.pl/?page_id=167" data-type="page" data-id="167">La Tempesta pod kierunkiem Jakuba Burzyńskiego</a>. Prawie 40 wykonawców, których zdolności będziemy mogli podziwiać, w tym międzynarodowe gwiazdy muzyki dawnej takie jak Gustavo Gargiulo, mistrz cynku z Argentyny, Richard Šeda, mistrz cynku z Czech i Karel Beranek, wybitny czeski trębacz, zaprezentują utwory z wyjątkowo bogatym instrumentarium, w tym trąbki, puzony, kotły, cynki, oboje, dulcjany, fagoty i smyczki. Koncert zakończy monumentalny chór &#8222;Nun ist das Heil&#8221; Jana Sebastiana Bacha.</p>



<hr class="wp-block-separator has-alpha-channel-opacity"/>



<p class="has-large-font-size"><strong>MEDIA O WYDARZENIACH MUZYKI W ZAMKU NIEBIOS</strong></p>



<p><a href="https://www.radiopik.pl/48,4848,muzyka-w-zamku-niebios-mlyny-rothera-tamka-10-bydgoszcz-29092024rzakonczony" target="_blank" rel="noreferrer noopener">Polskie Radio PiK, 25.09.2024</a></p>



<p><a href="https://szwarcman.blog.polityka.pl/2024/09/29/b-jak-bydgoszcz/" target="_blank" rel="noreferrer noopener">Polityka — Blog muzyczny Doroty Szwarcman, 29 września 2024</a></p>



<p><a href="https://bydgoszcz.tvp.pl/83273035/muzyka-dawna-w-mlynach-rothera" target="_blank" rel="noreferrer noopener">TVP3 Bydgoszcz, 2.11.2024</a></p>



<figure class="wp-block-video"><video height="1080" style="aspect-ratio: 1920 / 1080;" width="1920" controls src="https://muzykawzamkuniebios.pl/wp-content/uploads/2024/12/TVP_2024-11-02.mp4"></video></figure>

<p>Młyny Rothera w Bydgoszczy oraz Fundacja Kino Pomorzanin organizują cykl koncertowy Muzyka w Zamku Niebos. Inspiracją dla tego wydarzenia jest historyczna kaplica zamku w Weimarze, dla której Jan Sebastian Bach komponował swoje najbardziej uroczyste kantaty. Muzyka grana z kilku poziomów balkonów sprawiała, że wierni czuli, jak gdyby spływała na nich z nieba. Stąd właśnie jej [&hellip;]</p>
